{"id":5253,"date":"2023-10-13T15:39:18","date_gmt":"2023-10-13T15:39:18","guid":{"rendered":"http:\/\/vedrunapamplona.es\/2epvedruna\/?page_id=5253"},"modified":"2023-10-13T15:39:31","modified_gmt":"2023-10-13T15:39:31","slug":"tablas-de-multiplicar","status":"publish","type":"page","link":"http:\/\/vedrunapamplona.es\/2epvedruna\/creacion-de-materiales\/tablas-de-multiplicar\/","title":{"rendered":"Tablas de multiplicar"},"content":{"rendered":"\n<h3 class=\"wp-block-heading\">Para trabajar y repasar las tablas de multiplicar se puede crear m\u00faltiples materiales. Aqu\u00ed os dejamos varios que podr\u00edan ser de utilidad.<\/h3>\n\n\n\n<div class=\"wp-block-columns is-layout-flex wp-container-core-columns-is-layout-9d6595d7 wp-block-columns-is-layout-flex\">\n<div class=\"wp-block-column is-layout-flow wp-block-column-is-layout-flow\">\n<figure class=\"wp-block-image size-large\"><img loading=\"lazy\" decoding=\"async\" width=\"720\" height=\"615\" src=\"http:\/\/vedrunapamplona.es\/2epvedruna\/wp-content\/uploads\/2023\/10\/Ideas-Manipulativas-Para-Trabajar-Las-Tablas-De-Multiplicar-\u2013-Imagenes-D38-2.jpg\" alt=\"\" class=\"wp-image-5263\" srcset=\"http:\/\/vedrunapamplona.es\/2epvedruna\/wp-content\/uploads\/2023\/10\/Ideas-Manipulativas-Para-Trabajar-Las-Tablas-De-Multiplicar-\u2013-Imagenes-D38-2.jpg 720w, http:\/\/vedrunapamplona.es\/2epvedruna\/wp-content\/uploads\/2023\/10\/Ideas-Manipulativas-Para-Trabajar-Las-Tablas-De-Multiplicar-\u2013-Imagenes-D38-2-300x256.jpg 300w\" sizes=\"auto, (max-width: 720px) 100vw, 720px\" \/><\/figure>\n\n\n\n<figure class=\"wp-block-image size-large\"><img loading=\"lazy\" decoding=\"async\" width=\"620\" height=\"835\" src=\"http:\/\/vedrunapamplona.es\/2epvedruna\/wp-content\/uploads\/2023\/10\/Sencillo-Juego-Casero-Para-Practicar-Areas-Y-Multiplicaciones-Ideas-Verdes-2.jpg\" alt=\"\" class=\"wp-image-5265\" srcset=\"http:\/\/vedrunapamplona.es\/2epvedruna\/wp-content\/uploads\/2023\/10\/Sencillo-Juego-Casero-Para-Practicar-Areas-Y-Multiplicaciones-Ideas-Verdes-2.jpg 620w, http:\/\/vedrunapamplona.es\/2epvedruna\/wp-content\/uploads\/2023\/10\/Sencillo-Juego-Casero-Para-Practicar-Areas-Y-Multiplicaciones-Ideas-Verdes-2-223x300.jpg 223w\" sizes=\"auto, (max-width: 620px) 100vw, 620px\" \/><\/figure>\n<\/div>\n\n\n\n<div class=\"wp-block-column is-layout-flow wp-block-column-is-layout-flow\">\n<figure class=\"wp-block-image size-large\"><img loading=\"lazy\" decoding=\"async\" width=\"528\" height=\"960\" src=\"http:\/\/vedrunapamplona.es\/2epvedruna\/wp-content\/uploads\/2023\/10\/10-Ideas-para-elaborar-juegos-educativos-usando-materiales-reciclados-2.jpg\" alt=\"\" class=\"wp-image-5264\" srcset=\"http:\/\/vedrunapamplona.es\/2epvedruna\/wp-content\/uploads\/2023\/10\/10-Ideas-para-elaborar-juegos-educativos-usando-materiales-reciclados-2.jpg 528w, http:\/\/vedrunapamplona.es\/2epvedruna\/wp-content\/uploads\/2023\/10\/10-Ideas-para-elaborar-juegos-educativos-usando-materiales-reciclados-2-165x300.jpg 165w\" sizes=\"auto, (max-width: 528px) 100vw, 528px\" \/><\/figure>\n\n\n\n<figure class=\"wp-block-image size-large\"><img loading=\"lazy\" decoding=\"async\" width=\"480\" height=\"640\" src=\"http:\/\/vedrunapamplona.es\/2epvedruna\/wp-content\/uploads\/2023\/10\/Ideas-para-aprender-las-tablas-de-multiplicar-2.jpg\" alt=\"\" class=\"wp-image-5267\" srcset=\"http:\/\/vedrunapamplona.es\/2epvedruna\/wp-content\/uploads\/2023\/10\/Ideas-para-aprender-las-tablas-de-multiplicar-2.jpg 480w, http:\/\/vedrunapamplona.es\/2epvedruna\/wp-content\/uploads\/2023\/10\/Ideas-para-aprender-las-tablas-de-multiplicar-2-225x300.jpg 225w\" sizes=\"auto, (max-width: 480px) 100vw, 480px\" \/><\/figure>\n<\/div>\n<\/div>\n","protected":false},"excerpt":{"rendered":"<p>Para trabajar y repasar las tablas de multiplicar se puede crear m\u00faltiples materiales. Aqu\u00ed os dejamos varios que podr\u00edan ser de utilidad.<\/p>\n","protected":false},"author":1,"featured_media":0,"parent":5242,"menu_order":0,"comment_status":"closed","ping_status":"closed","template":"","meta":{"footnotes":""},"class_list":["post-5253","page","type-page","status-publish","hentry"],"post_mailing_queue_ids":[],"_links":{"self":[{"href":"http:\/\/vedrunapamplona.es\/2epvedruna\/wp-json\/wp\/v2\/pages\/5253","targetHints":{"allow":["GET"]}}],"collection":[{"href":"http:\/\/vedrunapamplona.es\/2epvedruna\/wp-json\/wp\/v2\/pages"}],"about":[{"href":"http:\/\/vedrunapamplona.es\/2epvedruna\/wp-json\/wp\/v2\/types\/page"}],"author":[{"embeddable":true,"href":"http:\/\/vedrunapamplona.es\/2epvedruna\/wp-json\/wp\/v2\/users\/1"}],"replies":[{"embeddable":true,"href":"http:\/\/vedrunapamplona.es\/2epvedruna\/wp-json\/wp\/v2\/comments?post=5253"}],"version-history":[{"count":2,"href":"http:\/\/vedrunapamplona.es\/2epvedruna\/wp-json\/wp\/v2\/pages\/5253\/revisions"}],"predecessor-version":[{"id":5268,"href":"http:\/\/vedrunapamplona.es\/2epvedruna\/wp-json\/wp\/v2\/pages\/5253\/revisions\/5268"}],"up":[{"embeddable":true,"href":"http:\/\/vedrunapamplona.es\/2epvedruna\/wp-json\/wp\/v2\/pages\/5242"}],"wp:attachment":[{"href":"http:\/\/vedrunapamplona.es\/2epvedruna\/wp-json\/wp\/v2\/media?parent=5253"}],"curies":[{"name":"wp","href":"https:\/\/api.w.org\/{rel}","templated":true}]}}